{"id":1443,"date":"2025-05-08T12:43:41","date_gmt":"2025-05-08T12:43:41","guid":{"rendered":"https:\/\/tarina.sedu.fi\/?page_id=1443"},"modified":"2025-06-05T09:01:05","modified_gmt":"2025-06-05T09:01:05","slug":"tuva","status":"publish","type":"page","link":"https:\/\/tarina.sedu.fi\/index.php\/tuva\/","title":{"rendered":"Tuva"},"content":{"rendered":"<p><div class=\"fusion-fullwidth fullwidth-box fusion-builder-row-1 fusion-flex-container has-pattern-background has-mask-background nonhundred-percent-fullwidth non-hundred-percent-height-scrolling\" style=\"--awb-border-radius-top-left:0px;--awb-border-radius-top-right:0px;--awb-border-radius-bottom-right:0px;--awb-border-radius-bottom-left:0px;--awb-flex-wrap:wrap;\" ><div class=\"fusion-builder-row fusion-row fusion-flex-align-items-flex-start fusion-flex-content-wrap\" style=\"max-width:1144px;margin-left: calc(-4% \/ 2 );margin-right: calc(-4% \/ 2 );\"><div class=\"fusion-layout-column fusion_builder_column fusion-builder-column-0 fusion_builder_column_1_2 1_2 fusion-flex-column\" style=\"--awb-bg-size:cover;--awb-width-large:50%;--awb-margin-top-large:0px;--awb-spacing-right-large:3.84%;--awb-margin-bottom-large:20px;--awb-spacing-left-large:3.84%;--awb-width-medium:100%;--awb-order-medium:0;--awb-spacing-right-medium:1.92%;--awb-spacing-left-medium:1.92%;--awb-width-small:100%;--awb-order-small:0;--awb-spacing-right-small:1.92%;--awb-spacing-left-small:1.92%;\"><div class=\"fusion-column-wrapper fusion-column-has-shadow fusion-flex-justify-content-flex-start fusion-content-layout-column\"><div class=\"fusion-text fusion-text-1\" style=\"--awb-text-font-family:&quot;Metropolis_regular&quot;;--awb-text-font-style:normal;--awb-text-font-weight:400;\"><p>&nbsp;<\/p>\n<p><strong><b style=\"font-family: Metropolis_regular;\" data-fusion-font=\"true\"><span style=\"font-size: 22px;\" data-fusion-font=\"true\">Mira L\u00e4nsikallio<\/span><\/b><\/strong><\/p>\n<p><strong>Seduun v. 2006 silloiseen Kurikan ammattioppilaitokseen vaatetusalan opettajaksi.<\/strong><br \/>\n<strong>koulutus: ammatillinen erityisopettaja, ammatillinen opettaja, vestonomi AMK (Jyv\u00e4skyl\u00e4n ammattikorkeakoulu), mallipukinevalmistaja (Kurikan ammattioppilaitos), lis\u00e4ksi erityispedagogiikan perus- ja aineopinnot, t\u00e4ll\u00e4 hetkell\u00e4 erityispedagogiikan maisteriopinnoissa.<\/strong><\/p>\n<p><b style=\"font-family: Metropolis_regular;\" data-fusion-font=\"true\"><span style=\"font-size: 22px;\" data-fusion-font=\"true\">Outi Tynj\u00e4l\u00e4<\/span> <\/b><\/p>\n<p><strong>Seduun v. 2007 asuntolaohjaajaksi, ammattiohjaajaksi Ammattistarttiin v. 2010<\/strong><br \/>\n<strong>koulutus: ammatillinen opettaja, sosionomi YAMK (Sein\u00e4joen ammattikorkeakoulu)<\/strong><\/p>\n<p><strong>TUVA \u2013 tutkintokoulutukseen valmentava koulutus on tarkoitettu<\/strong><\/p>\n<blockquote>\n<p><span style=\"font-family: Metropolis_regular;\" data-fusion-font=\"true\">\u00b7 <\/span>oppivelvollisille,<\/p>\n<p><span style=\"font-family: Metropolis_regular;\" data-fusion-font=\"true\">\u00b7<\/span> opiskelijoille, joiden \u00e4idinkieli ei ole suomi,<\/p>\n<p><span style=\"font-family: Metropolis_regular;\" data-fusion-font=\"true\">\u00b7 <\/span>opiskelijoille, jotka ovat suorittaneet peruskoulunsa muulla kielell\u00e4 kuin suomeksi,<\/p>\n<p>\u00b7 vailla toisen asteen tutkintoa oleville.<\/p>\n<p>Tuva valmentaa ammatilliseen koulutukseen tai lukioon, opintojen sis\u00e4lt\u00f6 ja kesto on yksil\u00f6llisen suunnitelman mukainen enimmill\u00e4\u00e4n 38 viikkoa.<\/p>\n<p>Aikuisille suunnattu TUVA-koulutus auttaa uuteen alkuun. Tuvaan voi hakea yhteishaussa ja jatkuvassa haussa, ja sielt\u00e4 voi jatkaa eteenp\u00e4in, kun sopiva koulutus- tai ty\u00f6paikka l\u00f6ytyy.<\/p>\n<\/blockquote>\n<p><strong> Onnistuminen <\/strong><\/p>\n<p>Opiskelijoiden kanssa iloitaan jokaisen onnistumisista; joku uskaltaa hakea ty\u00f6harjoittelupaikkaa tai joku uskaltaa tulla itse kysym\u00e4\u00e4n meilt\u00e4, voisiko h\u00e4n tehd\u00e4 jokin asian eri tavalla tai tullaan kouluun, koska tyk\u00e4t\u00e4\u00e4n tulla nimenomaan Tuvaan.<\/p>\n<p>Meid\u00e4n \u00e4lytt\u00f6m\u00e4n hyv\u00e4 tiimity\u00f6 t\u00e4\u00e4ll\u00e4 Sein\u00e4joella on ehdoton vahvuus. Meill\u00e4 on hyvi\u00e4 tyyppej\u00e4 t\u00f6iss\u00e4, ja kaikki tekee ty\u00f6t\u00e4 samalla intensiteetill\u00e4. Meill\u00e4 on aikuisten Tuva ja nuorten Tuva, ja me opettajat, opinto-ohjaaja ja ammattiohjaajat tehd\u00e4\u00e4n yhdess\u00e4 t\u00f6it\u00e4 aina opiskelijan parhaaksi. Voidaan jakaa vastuuta ja saadaan tukea tiimilt\u00e4 omaan ty\u00f6h\u00f6n &#8211; me luotetaan toisiimme.<\/p>\n<p>Numerot kertovat, miten hyvin meid\u00e4n opiskelijat p\u00e4\u00e4see opiskelemaan ammatilliseen tai lukioon. He onnistuvat my\u00f6s ty\u00f6paikoilla.<\/p>\n<p><strong>Kehitysharppaus <\/strong><\/p>\n<p>Laajentunut oppivelvollisuus vuonna 2021 muutti paljon. Entinen Valma (valmistava koulutus) ja 10-luokka yhdistyiv\u00e4t Tuvaksi, valmentavaksi koulutukseksi. Tavoitteellisuus lis\u00e4\u00e4ntyi, valtaosa opiskelijoista suuntaa ammatilliseen koulutukseen mutta lukiopolku on vahvistunut paljon.<\/p>\n<p>Tosiasia on, ett\u00e4 Tuvassa meill\u00e4 on eritt\u00e4in heterogeeninen opiskelijajoukko erityisine haasteineen mutta meill\u00e4 on k\u00e4yt\u00f6ss\u00e4 moninaiset menetelm\u00e4t arjen taidoista suomen kielen monipisteopetukseen. Opiskelijaa tukee tarpeen mukaan verkosto, jonka Tuvan henkil\u00f6st\u00f6 rakentaa huoltajista, Sedun opiskeluhuollon ammattilaisista (kuraattori, terveydenhoitaja, psykologi), sosiaalitoimesta, ty\u00f6llisyyspalveluista, kuntoutustoimista. Tuvalla ehk\u00e4ist\u00e4\u00e4n syrj\u00e4ytymist\u00e4, ja oppivelvollisuus velvoittaa, mutta t\u00e4\u00e4ll\u00e4 tehd\u00e4\u00e4n t\u00f6it\u00e4, jotta jokainen opiskelija l\u00f6yt\u00e4\u00e4 mieluisan alan ja hankkii valmiudet opiskella toisella asteella.<\/p>\n<\/div><\/div><\/div><div class=\"fusion-layout-column fusion_builder_column fusion-builder-column-1 fusion_builder_column_1_2 1_2 fusion-flex-column\" style=\"--awb-bg-size:cover;--awb-width-large:50%;--awb-margin-top-large:0px;--awb-spacing-right-large:3.84%;--awb-margin-bottom-large:20px;--awb-spacing-left-large:3.84%;--awb-width-medium:100%;--awb-order-medium:0;--awb-spacing-right-medium:1.92%;--awb-spacing-left-medium:1.92%;--awb-width-small:100%;--awb-order-small:0;--awb-spacing-right-small:1.92%;--awb-spacing-left-small:1.92%;\"><div class=\"fusion-column-wrapper fusion-column-has-shadow fusion-flex-justify-content-flex-start fusion-content-layout-column\"><div class=\"fusion-image-element \" style=\"--awb-caption-title-font-family:var(--h2_typography-font-family);--awb-caption-title-font-weight:var(--h2_typography-font-weight);--awb-caption-title-font-style:var(--h2_typography-font-style);--awb-caption-title-size:var(--h2_typography-font-size);--awb-caption-title-transform:var(--h2_typography-text-transform);--awb-caption-title-line-height:var(--h2_typography-line-height);--awb-caption-title-letter-spacing:var(--h2_typography-letter-spacing);\"><span class=\" fusion-imageframe imageframe-dropshadow imageframe-1 hover-type-none\" style=\"-webkit-box-shadow: 5px 5px 9px var(--awb-color7);box-shadow: 5px 5px 9px var(--awb-color7);\"><img decoding=\"async\" width=\"4032\" height=\"3024\" title=\"TUVA_OutiTynjala_MiraLansikallio\" src=\"data:image\/svg+xml,%3Csvg%20xmlns%3D%27http%3A%2F%2Fwww.w3.org%2F2000%2Fsvg%27%20width%3D%274032%27%20height%3D%273024%27%20viewBox%3D%270%200%204032%203024%27%3E%3Crect%20width%3D%274032%27%20height%3D%273024%27%20fill-opacity%3D%220%22%2F%3E%3C%2Fsvg%3E\" data-orig-src=\"https:\/\/tarina.sedu.fi\/wp-content\/uploads\/2025\/06\/TUVA_OutiTynjala_MiraLansikallio.jpg\" alt class=\"lazyload img-responsive wp-image-2347\"\/><\/span><\/div><div class=\"fusion-text fusion-text-2\"><p><em>Outi Tynj\u00e4l\u00e4 (vas.) ja Mira L\u00e4nsikallio<\/em><\/p>\n<\/div><\/div><\/div><\/div><\/div><div class=\"fusion-fullwidth fullwidth-box fusion-builder-row-2 fusion-flex-container has-pattern-background has-mask-background nonhundred-percent-fullwidth non-hundred-percent-height-scrolling\" style=\"--awb-border-radius-top-left:0px;--awb-border-radius-top-right:0px;--awb-border-radius-bottom-right:0px;--awb-border-radius-bottom-left:0px;--awb-flex-wrap:wrap;\" ><div class=\"fusion-builder-row fusion-row fusion-flex-align-items-flex-start fusion-flex-content-wrap\" style=\"max-width:1144px;margin-left: calc(-4% \/ 2 );margin-right: calc(-4% \/ 2 );\"><div class=\"fusion-layout-column fusion_builder_column fusion-builder-column-2 fusion_builder_column_1_2 1_2 fusion-flex-column\" style=\"--awb-bg-size:cover;--awb-width-large:50%;--awb-margin-top-large:0px;--awb-spacing-right-large:3.84%;--awb-margin-bottom-large:20px;--awb-spacing-left-large:3.84%;--awb-width-medium:100%;--awb-order-medium:0;--awb-spacing-right-medium:1.92%;--awb-spacing-left-medium:1.92%;--awb-width-small:100%;--awb-order-small:0;--awb-spacing-right-small:1.92%;--awb-spacing-left-small:1.92%;\"><div class=\"fusion-column-wrapper fusion-column-has-shadow fusion-flex-justify-content-flex-start fusion-content-layout-column\"><div class=\"fusion-text fusion-text-3\"><\/div><\/div><\/div><div class=\"fusion-layout-column fusion_builder_column fusion-builder-column-3 fusion_builder_column_1_2 1_2 fusion-flex-column\" style=\"--awb-bg-size:cover;--awb-width-large:50%;--awb-margin-top-large:0px;--awb-spacing-right-large:3.84%;--awb-margin-bottom-large:20px;--awb-spacing-left-large:3.84%;--awb-width-medium:100%;--awb-order-medium:0;--awb-spacing-right-medium:1.92%;--awb-spacing-left-medium:1.92%;--awb-width-small:100%;--awb-order-small:0;--awb-spacing-right-small:1.92%;--awb-spacing-left-small:1.92%;\"><div class=\"fusion-column-wrapper fusion-column-has-shadow fusion-flex-justify-content-flex-start fusion-content-layout-column\"><\/div><\/div><\/div><\/div><\/p>\n","protected":false},"excerpt":{"rendered":"","protected":false},"author":4,"featured_media":0,"parent":0,"menu_order":0,"comment_status":"closed","ping_status":"closed","template":"","meta":{"footnotes":""},"class_list":["post-1443","page","type-page","status-publish","hentry"],"_links":{"self":[{"href":"https:\/\/tarina.sedu.fi\/index.php\/wp-json\/wp\/v2\/pages\/1443","targetHints":{"allow":["GET"]}}],"collection":[{"href":"https:\/\/tarina.sedu.fi\/index.php\/wp-json\/wp\/v2\/pages"}],"about":[{"href":"https:\/\/tarina.sedu.fi\/index.php\/wp-json\/wp\/v2\/types\/page"}],"author":[{"embeddable":true,"href":"https:\/\/tarina.sedu.fi\/index.php\/wp-json\/wp\/v2\/users\/4"}],"replies":[{"embeddable":true,"href":"https:\/\/tarina.sedu.fi\/index.php\/wp-json\/wp\/v2\/comments?post=1443"}],"version-history":[{"count":9,"href":"https:\/\/tarina.sedu.fi\/index.php\/wp-json\/wp\/v2\/pages\/1443\/revisions"}],"predecessor-version":[{"id":2359,"href":"https:\/\/tarina.sedu.fi\/index.php\/wp-json\/wp\/v2\/pages\/1443\/revisions\/2359"}],"wp:attachment":[{"href":"https:\/\/tarina.sedu.fi\/index.php\/wp-json\/wp\/v2\/media?parent=1443"}],"curies":[{"name":"wp","href":"https:\/\/api.w.org\/{rel}","templated":true}]}}