{"id":1429,"date":"2025-05-08T12:36:38","date_gmt":"2025-05-08T12:36:38","guid":{"rendered":"https:\/\/tarina.sedu.fi\/?page_id=1429"},"modified":"2025-06-05T08:29:27","modified_gmt":"2025-06-05T08:29:27","slug":"tieto-ja-viestintatekniikka","status":"publish","type":"page","link":"https:\/\/tarina.sedu.fi\/index.php\/tieto-ja-viestintatekniikka\/","title":{"rendered":"tieto- ja viestint\u00e4tekniikka"},"content":{"rendered":"<div class=\"fusion-fullwidth fullwidth-box fusion-builder-row-1 fusion-flex-container has-pattern-background has-mask-background nonhundred-percent-fullwidth non-hundred-percent-height-scrolling\" style=\"--awb-border-radius-top-left:0px;--awb-border-radius-top-right:0px;--awb-border-radius-bottom-right:0px;--awb-border-radius-bottom-left:0px;--awb-flex-wrap:wrap;\" ><div class=\"fusion-builder-row fusion-row fusion-flex-align-items-flex-start fusion-flex-content-wrap\" style=\"max-width:1144px;margin-left: calc(-4% \/ 2 );margin-right: calc(-4% \/ 2 );\"><div class=\"fusion-layout-column fusion_builder_column fusion-builder-column-0 fusion_builder_column_1_2 1_2 fusion-flex-column\" style=\"--awb-bg-size:cover;--awb-width-large:50%;--awb-margin-top-large:0px;--awb-spacing-right-large:3.84%;--awb-margin-bottom-large:20px;--awb-spacing-left-large:3.84%;--awb-width-medium:100%;--awb-order-medium:0;--awb-spacing-right-medium:1.92%;--awb-spacing-left-medium:1.92%;--awb-width-small:100%;--awb-order-small:0;--awb-spacing-right-small:1.92%;--awb-spacing-left-small:1.92%;\"><div class=\"fusion-column-wrapper fusion-column-has-shadow fusion-flex-justify-content-flex-start fusion-content-layout-column\"><div class=\"fusion-text fusion-text-1\" style=\"--awb-text-font-family:&quot;Metropolis_regular&quot;;--awb-text-font-style:normal;--awb-text-font-weight:400;\"><p><b style=\"font-family: Metropolis_regular;\" data-fusion-font=\"true\"><span style=\"font-size: 22px;\" data-fusion-font=\"true\">Mikko Annala<\/span> <\/b><\/p>\n<p><b style=\"font-family: Metropolis_regular;\" data-fusion-font=\"true\">Seduun v. 2022 <\/b><\/p>\n<p><b style=\"font-family: Metropolis_regular;\" data-fusion-font=\"true\">koulutus: insin\u00f6\u00f6ri YAMK (Teknologiaosaamisen johtaminen, Sein\u00e4joen ammattikorkeakoulu) <\/b><\/p>\n<p><b style=\"font-family: Metropolis_regular;\" data-fusion-font=\"true\">Miss\u00e4 olet ammatillisena opettajana onnistunut kenties kollegan \/ kollegojen kanssa? <\/b><\/p>\n<p style=\"font-family: Metropolis_regular;\" data-fusion-font=\"true\">Olen mielest\u00e4ni hyvin onnistunut opiskelijoiden opintojen osaamisperusteisuuden toteuttamisessa. T\u00e4t\u00e4 tukee my\u00f6s hyvin meill\u00e4 T\u00f6rn\u00e4v\u00e4n Tivill\u00e4 tiimiopettajuus-malli.<\/p>\n<p style=\"font-family: Metropolis_regular;\" data-fusion-font=\"true\">Opiskelijan osaaminen ratkaisee. Kukin opiskelija opiskelee vain sellaista, mist\u00e4 h\u00e4nell\u00e4 ei viel\u00e4 ole osaamista. Opiskeluaika m\u00e4\u00e4r\u00e4ytyy yksil\u00f6llisen opiskelutarpeen ja -vauhdin mukaan. Jokainen opiskelija etenee opinnoissaan joustavasti omaan tahtiinsa. Osaamista hankitaan monipuolisissa oppimisymp\u00e4rist\u00f6iss\u00e4: ty\u00f6paikalla, oppilaitoksessa ja virtuaalisissa ymp\u00e4rist\u00f6iss\u00e4. Opinnot ohjelmistokehitt\u00e4j\u00e4ksi kest\u00e4v\u00e4t keskim\u00e4\u00e4rin v\u00e4h\u00e4n reilu 2,5 vuotta vaikka alkuvaiheessa ne suunnitellaan 3 vuodelle. Osalla menee eri syist\u00e4 my\u00f6s 4. vuodelle ja nopein on ollut n. 1,5 vuotta https:\/\/sedu.fi\/ohjelmoinnin-ammattilaiseksi-puolessatoista-vuodessa\/<\/p>\n<p><b style=\"font-family: Metropolis_regular;\" data-fusion-font=\"true\">Mik\u00e4 on merkitt\u00e4v\u00e4 \/ paras kehitysharppaus, joka alasi koulutuksessa on tehty? <\/b><\/p>\n<p><span style=\"font-family: Metropolis_regular;\" data-fusion-font=\"true\">Reilu vuosi sitten meill\u00e4 oli hakijam\u00e4\u00e4r\u00e4t laskussa Tieto- ja viestint\u00e4tekniikan perustutkinnon tietoverkkoasentajaksi. T\u00e4ll\u00f6in pohdimme syit\u00e4 ja p\u00e4\u00e4timme kokeilla vaihtaa yhteishaussa linjan ohjelmistokehitt\u00e4j\u00e4ksi. T\u00e4h\u00e4n muutokseen meit\u00e4 rohkaisi kaikkien opettajien omat kokemukset IT-maailman muutoksesta, ty\u00f6kokemus ja osaaminen alalta. My\u00f6s aiempien opiskelijaryhmien kiinnostus ohjelmointia kohtaan ammatillisien valinnaisten tutkinnon osien osalta rohkaisi kokeiluun. T\u00e4m\u00e4 muutos n\u00e4ytt\u00e4\u00e4 nyt tuottavan hedelm\u00e4\u00e4 hakijam\u00e4\u00e4riss\u00e4 ja my\u00f6s opiskelijatyytyv\u00e4isyydess\u00e4. Ty\u00f6el\u00e4m\u00e4ss\u00e4 n\u00e4ille taidoille on my\u00f6s koko ajan kasvava tarve.<\/span><\/p>\n<\/div><\/div><\/div><div class=\"fusion-layout-column fusion_builder_column fusion-builder-column-1 fusion_builder_column_1_2 1_2 fusion-flex-column\" style=\"--awb-bg-size:cover;--awb-width-large:50%;--awb-margin-top-large:0px;--awb-spacing-right-large:3.84%;--awb-margin-bottom-large:20px;--awb-spacing-left-large:3.84%;--awb-width-medium:100%;--awb-order-medium:0;--awb-spacing-right-medium:1.92%;--awb-spacing-left-medium:1.92%;--awb-width-small:100%;--awb-order-small:0;--awb-spacing-right-small:1.92%;--awb-spacing-left-small:1.92%;\"><div class=\"fusion-column-wrapper fusion-column-has-shadow fusion-flex-justify-content-flex-start fusion-content-layout-column\"><div class=\"fusion-image-element \" style=\"--awb-caption-title-font-family:var(--h2_typography-font-family);--awb-caption-title-font-weight:var(--h2_typography-font-weight);--awb-caption-title-font-style:var(--h2_typography-font-style);--awb-caption-title-size:var(--h2_typography-font-size);--awb-caption-title-transform:var(--h2_typography-text-transform);--awb-caption-title-line-height:var(--h2_typography-line-height);--awb-caption-title-letter-spacing:var(--h2_typography-letter-spacing);\"><span class=\" fusion-imageframe imageframe-dropshadow imageframe-1 hover-type-none\" style=\"-webkit-box-shadow: 5px 5px 9px var(--awb-color7);box-shadow: 5px 5px 9px var(--awb-color7);\"><img decoding=\"async\" width=\"3648\" height=\"5472\" title=\"Mikko Annala\" src=\"data:image\/svg+xml,%3Csvg%20xmlns%3D%27http%3A%2F%2Fwww.w3.org%2F2000%2Fsvg%27%20width%3D%273648%27%20height%3D%275472%27%20viewBox%3D%270%200%203648%205472%27%3E%3Crect%20width%3D%273648%27%20height%3D%275472%27%20fill-opacity%3D%220%22%2F%3E%3C%2Fsvg%3E\" data-orig-src=\"https:\/\/tarina.sedu.fi\/wp-content\/uploads\/2025\/06\/Mikko-Annala.jpg\" alt class=\"lazyload img-responsive wp-image-2341\"\/><\/span><\/div><\/div><\/div><\/div><\/div>\n","protected":false},"excerpt":{"rendered":"","protected":false},"author":4,"featured_media":0,"parent":0,"menu_order":0,"comment_status":"closed","ping_status":"closed","template":"","meta":{"footnotes":""},"class_list":["post-1429","page","type-page","status-publish","hentry"],"_links":{"self":[{"href":"https:\/\/tarina.sedu.fi\/index.php\/wp-json\/wp\/v2\/pages\/1429","targetHints":{"allow":["GET"]}}],"collection":[{"href":"https:\/\/tarina.sedu.fi\/index.php\/wp-json\/wp\/v2\/pages"}],"about":[{"href":"https:\/\/tarina.sedu.fi\/index.php\/wp-json\/wp\/v2\/types\/page"}],"author":[{"embeddable":true,"href":"https:\/\/tarina.sedu.fi\/index.php\/wp-json\/wp\/v2\/users\/4"}],"replies":[{"embeddable":true,"href":"https:\/\/tarina.sedu.fi\/index.php\/wp-json\/wp\/v2\/comments?post=1429"}],"version-history":[{"count":4,"href":"https:\/\/tarina.sedu.fi\/index.php\/wp-json\/wp\/v2\/pages\/1429\/revisions"}],"predecessor-version":[{"id":2342,"href":"https:\/\/tarina.sedu.fi\/index.php\/wp-json\/wp\/v2\/pages\/1429\/revisions\/2342"}],"wp:attachment":[{"href":"https:\/\/tarina.sedu.fi\/index.php\/wp-json\/wp\/v2\/media?parent=1429"}],"curies":[{"name":"wp","href":"https:\/\/api.w.org\/{rel}","templated":true}]}}