{"id":1095,"date":"2025-05-03T23:21:53","date_gmt":"2025-05-03T23:21:53","guid":{"rendered":"https:\/\/tarina.sedu.fi\/?page_id=1095"},"modified":"2025-06-02T07:22:08","modified_gmt":"2025-06-02T07:22:08","slug":"nimi","status":"publish","type":"page","link":"https:\/\/tarina.sedu.fi\/index.php\/nimi\/","title":{"rendered":"NIMI"},"content":{"rendered":"<div class=\"fusion-fullwidth fullwidth-box fusion-builder-row-1 fusion-flex-container has-pattern-background has-mask-background nonhundred-percent-fullwidth non-hundred-percent-height-scrolling\" style=\"--awb-border-radius-top-left:0px;--awb-border-radius-top-right:0px;--awb-border-radius-bottom-right:0px;--awb-border-radius-bottom-left:0px;--awb-flex-wrap:wrap;\" ><div class=\"fusion-builder-row fusion-row fusion-flex-align-items-flex-start fusion-flex-content-wrap\" style=\"max-width:1144px;margin-left: calc(-4% \/ 2 );margin-right: calc(-4% \/ 2 );\"><div class=\"fusion-layout-column fusion_builder_column fusion-builder-column-0 fusion_builder_column_1_6 1_6 fusion-flex-column\" style=\"--awb-bg-size:cover;--awb-width-large:16.666666666667%;--awb-margin-top-large:0px;--awb-spacing-right-large:11.52%;--awb-margin-bottom-large:20px;--awb-spacing-left-large:11.52%;--awb-width-medium:100%;--awb-order-medium:0;--awb-spacing-right-medium:1.92%;--awb-spacing-left-medium:1.92%;--awb-width-small:100%;--awb-order-small:0;--awb-spacing-right-small:1.92%;--awb-spacing-left-small:1.92%;\"><div class=\"fusion-column-wrapper fusion-column-has-shadow fusion-flex-justify-content-flex-start fusion-content-layout-column\"><\/div><\/div><div class=\"fusion-layout-column fusion_builder_column fusion-builder-column-1 fusion_builder_column_5_6 5_6 fusion-flex-column\" style=\"--awb-bg-size:cover;--awb-width-large:83.333333333333%;--awb-margin-top-large:0px;--awb-spacing-right-large:2.304%;--awb-margin-bottom-large:20px;--awb-spacing-left-large:2.304%;--awb-width-medium:100%;--awb-order-medium:0;--awb-spacing-right-medium:1.92%;--awb-spacing-left-medium:1.92%;--awb-width-small:100%;--awb-order-small:0;--awb-spacing-right-small:1.92%;--awb-spacing-left-small:1.92%;\"><div class=\"fusion-column-wrapper fusion-column-has-shadow fusion-flex-justify-content-flex-start fusion-content-layout-column\"><div class=\"fusion-text fusion-text-1\"><h2><strong><span style=\"color: #000000;\">Mist\u00e4 nimi Sedu?<\/span><\/strong><\/h2>\n<\/div><\/div><\/div><div class=\"fusion-layout-column fusion_builder_column fusion-builder-column-2 fusion_builder_column_1_6 1_6 fusion-flex-column\" style=\"--awb-bg-size:cover;--awb-width-large:16.666666666667%;--awb-margin-top-large:0px;--awb-spacing-right-large:11.52%;--awb-margin-bottom-large:20px;--awb-spacing-left-large:11.52%;--awb-width-medium:100%;--awb-order-medium:0;--awb-spacing-right-medium:1.92%;--awb-spacing-left-medium:1.92%;--awb-width-small:100%;--awb-order-small:0;--awb-spacing-right-small:1.92%;--awb-spacing-left-small:1.92%;\"><div class=\"fusion-column-wrapper fusion-column-has-shadow fusion-flex-justify-content-flex-start fusion-content-layout-column\"><\/div><\/div><div class=\"fusion-layout-column fusion_builder_column fusion-builder-column-3 fusion_builder_column_3_5 3_5 fusion-flex-column\" style=\"--awb-bg-size:cover;--awb-width-large:60%;--awb-margin-top-large:0px;--awb-spacing-right-large:3.2%;--awb-margin-bottom-large:20px;--awb-spacing-left-large:3.2%;--awb-width-medium:100%;--awb-order-medium:0;--awb-spacing-right-medium:1.92%;--awb-spacing-left-medium:1.92%;--awb-width-small:100%;--awb-order-small:0;--awb-spacing-right-small:1.92%;--awb-spacing-left-small:1.92%;\"><div class=\"fusion-column-wrapper fusion-column-has-shadow fusion-flex-justify-content-flex-start fusion-content-layout-column\"><div class=\"fusion-image-element \" style=\"--awb-caption-title-font-family:var(--h2_typography-font-family);--awb-caption-title-font-weight:var(--h2_typography-font-weight);--awb-caption-title-font-style:var(--h2_typography-font-style);--awb-caption-title-size:var(--h2_typography-font-size);--awb-caption-title-transform:var(--h2_typography-text-transform);--awb-caption-title-line-height:var(--h2_typography-line-height);--awb-caption-title-letter-spacing:var(--h2_typography-letter-spacing);\"><span class=\" fusion-imageframe imageframe-dropshadow imageframe-1 hover-type-none\" style=\"-webkit-box-shadow: 3px 3px 7px var(--awb-color7);box-shadow: 3px 3px 7px var(--awb-color7);\"><img decoding=\"async\" width=\"1920\" height=\"1080\" title=\"1920 x 1080 Seaol_Sedu-rekka_30.5.2006 015\" src=\"data:image\/svg+xml,%3Csvg%20xmlns%3D%27http%3A%2F%2Fwww.w3.org%2F2000%2Fsvg%27%20width%3D%271920%27%20height%3D%271080%27%20viewBox%3D%270%200%201920%201080%27%3E%3Crect%20width%3D%271920%27%20height%3D%271080%27%20fill-opacity%3D%220%22%2F%3E%3C%2Fsvg%3E\" data-orig-src=\"https:\/\/tarina.sedu.fi\/wp-content\/uploads\/2025\/05\/1920-x-1080-Seaol_Sedu-rekka_30.5.2006-015.jpg\" alt class=\"lazyload img-responsive wp-image-1934\"\/><\/span><\/div><div class=\"fusion-text fusion-text-2\"><p style=\"font-size: 13px; font-family: Metropolis_regular;\" data-fusion-font=\"true\"><span style=\"font-size: 12pt;\"><i>Sein\u00e4joen koulutuskeskukseen kuuluvat oppilaitokset tunnustivat valitsemaansa v\u00e4ri\u00e4, joten koulutuskeskuksen v\u00e4riksi riitti ilmeik\u00e4s harmaa.<\/i><\/span><\/p>\n<\/div><BR>\n<BR><div class=\"fusion-text fusion-text-3\" style=\"--awb-text-transform:var(--awb-typography4-text-transform);--awb-text-font-family:var(--awb-typography4-font-family);--awb-text-font-weight:var(--awb-typography4-font-weight);--awb-text-font-style:var(--awb-typography4-font-style);\"><blockquote>\n<p style=\"font-family: Metropolis_regular; font-size: 18px;\" data-fusion-font=\"true\">Nimen valinta ei ollut yksiselitteinen. Monella oppilaitoksella on pitk\u00e4 historia, ja niiden nimet olivat k\u00e4ytt\u00f6\u00f6n vakiintuneet. Kun vanhimmat oppilaitosjuuret ulottuvat vuoteen 1875, ymm\u00e4rt\u00e4\u00e4 historian merkityksen. Vaihtoehtoja oli useita. Kansainv\u00e4lisyys vahvistui ministeri\u00f6ss\u00e4 ja OKM (opetus- ja kulttuuriministeri\u00f6) alkoi k\u00e4ytt\u00e4\u00e4 minedu-lyhennett\u00e4, joten sana education tuli vahvasti mukaan. T\u00e4m\u00e4 Sedu olisi Se edu, kertoo <strong>Reija Lepola<\/strong>, Sein\u00e4joen koulutuskeskuksen johtaja (2005\u20132007).<\/p>\n<p style=\"font-family: Metropolis_regular; font-size: 18px;\" data-fusion-font=\"true\">Sedu on hyv\u00e4 lyhenne Sein\u00e4joesta ja Education-sanasta, kirjoitti <strong>Ilkka Tolonen<\/strong> Ilkka-lehdess\u00e4 14.11.2005.<\/p>\n<p style=\"font-family: Metropolis_regular; font-size: 18px;\" data-fusion-font=\"true\">Seh\u00e4n osoittautui oikein hyv\u00e4ksi nimeksi, joka sai seuraajia valtakunnallisesti, esim. Tredu Tampereella, sanoo <strong>Tapio Varmola<\/strong>, Sein\u00e4joen koulutuskuntayhtym\u00e4n johtaja (1995\u20132014).<\/p>\n<\/blockquote>\n<p data-fusion-font=\"true\"><div class=\"fusion-image-element in-legacy-container\" style=\"--awb-caption-title-font-family:var(--h2_typography-font-family);--awb-caption-title-font-weight:var(--h2_typography-font-weight);--awb-caption-title-font-style:var(--h2_typography-font-style);--awb-caption-title-size:var(--h2_typography-font-size);--awb-caption-title-transform:var(--h2_typography-text-transform);--awb-caption-title-line-height:var(--h2_typography-line-height);--awb-caption-title-letter-spacing:var(--h2_typography-letter-spacing);\"><span class=\" fusion-imageframe imageframe-dropshadow imageframe-2 hover-type-none\" style=\"-webkit-box-shadow: 3px 3px 7px var(--awb-color7);box-shadow: 3px 3px 7px var(--awb-color7);\"><img decoding=\"async\" width=\"1920\" height=\"1080\" title=\"1920 x 1080 2008-05-13 Sedun johtokunta_9996\" src=\"data:image\/svg+xml,%3Csvg%20xmlns%3D%27http%3A%2F%2Fwww.w3.org%2F2000%2Fsvg%27%20width%3D%271920%27%20height%3D%271080%27%20viewBox%3D%270%200%201920%201080%27%3E%3Crect%20width%3D%271920%27%20height%3D%271080%27%20fill-opacity%3D%220%22%2F%3E%3C%2Fsvg%3E\" data-orig-src=\"https:\/\/tarina.sedu.fi\/wp-content\/uploads\/2025\/05\/1920-x-1080-2008-05-13-Sedun-johtokunta_9996.jpg\" alt class=\"lazyload img-responsive wp-image-1561\"\/><\/span><\/div><\/p>\n<p style=\"font-size: 14px; font-family: Metropolis_regular;\" data-fusion-font=\"true\"><span style=\"font-size: 12pt;\"><i>Kuvassa Koulutuskeskus Sedun johtokunta v. 2008, etualalla puheenjohtaja Arja Hyyti\u00e4. <\/i><\/span><\/p>\n<p style=\"font-size: 14px; font-family: Metropolis_regular;\" data-fusion-font=\"true\"><span style=\"font-size: 12pt;\"><i>\u201dJohtokunta p\u00e4\u00e4tt\u00e4\u00e4 toisen asteen koulutuksen kehitt\u00e4misen peruslinjoista ja koulutusyhteisty\u00f6st\u00e4 sek\u00e4 m\u00e4\u00e4rittelee koulutuksen laadulliset kehitt\u00e4mistavoitteet.\u201d <\/i><\/span><\/p>\n<p style=\"font-family: Metropolis_regular; font-size: 18px;\" data-fusion-font=\"true\">Sedu-nime\u00e4 selitettiin kirjain kerrallaan. <strong>Arja Hyyti\u00e4<\/strong>, koulutuskuntayhtym\u00e4n valtuuston j\u00e4sen, Koulutuskeskus Sedun johtokunnan puheenjohtaja (2005\u20132012) kuvaa seuraavasti:<\/p>\n<h2 data-fusion-font=\"true\">S<\/h2>\n<p style=\"font-family: Metropolis_regular; font-size: 18px;\" data-fusion-font=\"true\">S:ll\u00e4 (success and satisfaction) halutaan kuvata onnistumisen kokemuksia ja tyytyv\u00e4isi\u00e4 asiakkaita, siis opiskelijoita, yrityksi\u00e4 ja muita ty\u00f6nantajatahoja sek\u00e4 sidosryhmi\u00e4, kuten kuntia, kaupunkeja, valtionhallintoa ja ty\u00f6llisyyspalveluja. Koulutuksenj\u00e4rjest\u00e4j\u00e4n sis\u00e4inen asiakkuus on t\u00e4rke\u00e4 ja kuvaa eri yksik\u00f6iden ja toimijoiden laajaa yhteisty\u00f6kyky\u00e4, jonka tavoitteena on opiskelijan paras.<\/p>\n<h2 data-fusion-font=\"true\">E<\/h2>\n<p style=\"font-family: Metropolis_regular; font-size: 18px;\" data-fusion-font=\"true\">E-kirjain kuvaa koulutusta ja kasvatusta (education). Koulutuksenj\u00e4rjest\u00e4j\u00e4ll\u00e4 on ik\u00e4\u00e4n kuin sormet yhteiskunnan valtimolla. Jotta kyet\u00e4\u00e4n vastaamaan nopeisiin koulutustarvemuutoksiin, tarvitaan kyky\u00e4 katsoa kauas. Se vaatii koko henkil\u00f6st\u00f6lt\u00e4 mukautumiskyky\u00e4, innovatiivista ja rohkeaa ty\u00f6otetta. Yhteydet lupa- ja valvontaviranomaisiin ovat olleet sujuvat, ja Sedu on aika-ajoin palkittu tuloksellisesta ja tehokkaasta toiminnasta.<\/p>\n<h2 data-fusion-font=\"true\">D<\/h2>\n<p style=\"font-family: Metropolis_regular; font-size: 18px;\" data-fusion-font=\"true\">D-kirjaimella (development) tarkoitetaan kehitt\u00e4mist\u00e4 ja kehittymist\u00e4. Kun ik\u00e4luokat pienenev\u00e4t ja ymp\u00e4r\u00f6iv\u00e4n seutukunnan, koko alueen ja yhteiskunnat tarpeet muuttuvat, on oltava valmius muuttaa toimintatapoja, luoda uutta ja etsi\u00e4 uutta tietoa. Tiedolla johtaminen on yh\u00e4 t\u00e4rke\u00e4mp\u00e4\u00e4.<\/p>\n<h2 data-fusion-font=\"true\">U<\/h2>\n<p style=\"font-family: Metropolis_regular; font-size: 18px;\" data-fusion-font=\"true\">U-kirjain (united) osoittaa sen, ett\u00e4 Sedu on yhdistynyt monesta osasta ja ett\u00e4 osaaminen t\u00e4ydentyy toisiltaan oppimalla.<\/p>\n<\/div><\/div><\/div><\/div><\/div>\n","protected":false},"excerpt":{"rendered":"","protected":false},"author":2,"featured_media":0,"parent":0,"menu_order":0,"comment_status":"closed","ping_status":"closed","template":"","meta":{"footnotes":""},"class_list":["post-1095","page","type-page","status-publish","hentry"],"_links":{"self":[{"href":"https:\/\/tarina.sedu.fi\/index.php\/wp-json\/wp\/v2\/pages\/1095","targetHints":{"allow":["GET"]}}],"collection":[{"href":"https:\/\/tarina.sedu.fi\/index.php\/wp-json\/wp\/v2\/pages"}],"about":[{"href":"https:\/\/tarina.sedu.fi\/index.php\/wp-json\/wp\/v2\/types\/page"}],"author":[{"embeddable":true,"href":"https:\/\/tarina.sedu.fi\/index.php\/wp-json\/wp\/v2\/users\/2"}],"replies":[{"embeddable":true,"href":"https:\/\/tarina.sedu.fi\/index.php\/wp-json\/wp\/v2\/comments?post=1095"}],"version-history":[{"count":47,"href":"https:\/\/tarina.sedu.fi\/index.php\/wp-json\/wp\/v2\/pages\/1095\/revisions"}],"predecessor-version":[{"id":2246,"href":"https:\/\/tarina.sedu.fi\/index.php\/wp-json\/wp\/v2\/pages\/1095\/revisions\/2246"}],"wp:attachment":[{"href":"https:\/\/tarina.sedu.fi\/index.php\/wp-json\/wp\/v2\/media?parent=1095"}],"curies":[{"name":"wp","href":"https:\/\/api.w.org\/{rel}","templated":true}]}}